3, 7
Let t(c) = -4*c**3 + 12*c**2 - 7*c + 10. Let g(z) = z**3 - z**2. Let o(s) = 5*g(s) + t(s). Let n be o(-8). List the prime factors of ((-112)/4)/n*-1.
2, 7
Suppose -10*p + 6 = -4*p. What are the prime factors of 9855/105 + p/7?
2, 47
Suppose 7*l - 92 = 3*l. Suppose p + 2*m - 30 = 0, -m = -3*p + l + 46. Suppose -4*b - p = -5*b. List the prime factors of b.
2, 3
Let m be 0 + (365*-3)/(-5). Suppose 2*u = -5 - 5, -3*c = -u - 11. Suppose -i + m = c*i. List the prime factors of i.
73
Let m be (-1)/(2 + (-10)/6). Let k(i) = -2*i**2 - 3*i + 1. Let r be k(m). Let v(p) = -5*p - 8. What are the prime factors of v(r)?
2
Let d be 56*(14/4 - 3). Suppose -d = 3*w - 5*w. Suppose -w - 13 = -j. List the prime factors of j.
3
Suppose 2*y = 3 + 7. Suppose -4*i + 60 = 2*m, -3*i + y*m = 2*i - 60. What are the prime factors of i?
2, 7
Let k be (-4 + 4 + -1)*20. Let s = k + 156. List the prime factors of s.
2, 17
Let r(d) = d**3 - 10*d**2 + 18*d - 20. Suppose -8*a - 6*a + 154 = 0. What are the prime factors of r(a)?
13, 23
Let i be 2/4 - (-45)/6. Suppose 174*u = 171*u + 144. What are the prime factors of i/u + 70/12?
2, 3
Let g(y) = -y**2 - 15*y - 9. Let k = -5 - -9. Let p(u) = -4*u + 4. Let a be p(k). List the prime factors of g(a).
3
Let s(k) = -42*k - 10. Let g be s(-5). Let n = -140 + g. List the prime factors of n.
2, 3, 5
Let y = 36 - -14. List the prime factors of y.
2, 5
Let r(u) be the third derivative of -u**4/4 - 3*u**3/2 - 6*u**2. List the prime factors of r(-7).
3, 11
Suppose -2*h - 2*h = -5*p + 779, -2*p + 5*h + 315 = 0. Let s = -63 + p. List the prime factors of s.
2, 23
Let n = 10 + 5. Suppose n*k = 11*k + 16. Suppose 2*r + w = 127, -k*w = -0*r + 4*r - 252. What are the prime factors of r?
2
Let q(t) = t**3 - 3*t**2 + 2*t - 3. Let d be q(3). Let v be (d + (-33)/6)*-2. Let a = 2 + v. List the prime factors of a.
7
Let s be -48*(70/(-15) - -4). Let z = 2 + 19. Let d = s - z. List the prime factors of d.
11
Let w(u) = -54*u - 92. What are the prime factors of w(-19)?
2, 467
Suppose 7 + 0 = j. List the prime factors of (j/2)/(5/50).
5, 7
Suppose 2*k + 0*k - 14 = -3*j, 3*j = 5*k - 14. Suppose -5*u - 2*t = -161, -5*t = -u - 21 + 37. Suppose -u = k*q - 235. What are the prime factors of q?
3, 17
Suppose 231*f = 232*f - 208. What are the prime factors of f?
2, 13
List the prime factors of ((-6 - 288)/(-3))/((-6)/(-69)).
7, 23
Let p(l) = -l. Let s be p(8). Let x(g) = g**2 - 7*g + 2. Let z be x(7). What are the prime factors of (-52)/s*(z - 0)?
13
Suppose 7429 - 1066 = 3*h. List the prime factors of h.
3, 7, 101
Let g(n) = 9*n + 119. What are the prime factors of g(0)?
7, 17
Let w = 745 + -469. List the prime factors of w.
2, 3, 23
Let c = 11 - 16. Suppose 4*q - 11 + 47 = 0. Let u = c - q. What are the prime factors of u?
2
Suppose -f = 4*n + 243 - 691, 0 = 4*n + 3*f - 448. List the prime factors of -2 + n + 1/2*-4.
2, 3
Let w = 92 + 602. List the prime factors of w.
2, 347
Let r(i) be the third derivative of 19*i**5/15 - i**4/12 - i**3/6 - 16*i**2. List the prime factors of r(-1).
7, 11
Let h(y) = -y**2 + 174. Let c be h(0). Suppose 5*x + 16 = -4*g - 274, 3*x - 5*g = -c. What are the prime factors of 2/10 + x/(-10)?
2, 3
Suppose -7*f - 4*c = -2*f - 675, 2*f - 272 = -2*c. What are the prime factors of f?
131
Let y(w) = -2*w**3 - w**2 + 3. Let o(n) = -1 + 1 + 3 + 2*n - 1. Let v be o(-2). List the prime factors of y(v).
3, 5
Suppose -5*u - 70 = -2*a, a - 5 + 0 = 0. List the prime factors of (-3)/6*-127*u/(-6).
127
Suppose -2*r - 97 + 145 = 0. Suppose -5*i + 17 = -3. Suppose i*h = u + 3*u - r, -u = h. What are the prime factors of u?
3
List the prime factors of (400/(-5))/8*(-64)/10.
2
What are the prime factors of (-393)/(4/(-5 - 7))?
3, 131
Let w = -156 - -391. What are the prime factors of w?
5, 47
Suppose -9*j + 6*j = -51. Let w = j - -3. Suppose 6*f - w = 2*f. What are the prime factors of f?
5
Suppose 5*g + 61 = 46. Suppose -4*s = 5*z - 2*s - 15, 2*z = -s + 7. List the prime factors of (z/g)/((-6)/252).
2, 7
Let w(p) = -p**3 + 8*p**2 - 7*p + 4. Let u be w(3). Suppose 29 + u = l. List the prime factors of l.
3, 19
Suppose -4*n - 4*h + 728 = -5980, -3*n + 5007 = -3*h. What are the prime factors of n?
7, 239
Let u(t) = -1080*t - 27. What are the prime factors of u(-1)?
3, 13
Suppose -4*p + 11423 = -3*n + 1477, -p + 3*n + 2482 = 0. List the prime factors of p.
2, 311
Let t(i) = 2*i**2 - 4*i - 21. Let w = -54 - -61. List the prime factors of t(w).
7
What are the prime factors of ((-7)/(21/(-45)))/(21/1484)?
2, 5, 53
Let w = 3044 - 1218. What are the prime factors of w?
2, 11, 83
Suppose 0 = 5*k + 5*k + 420. Let z = -38 - k. List the prime factors of z.
2
Let m be (0 + 1)*(-1 + -61). Let y = -12 - m. Suppose 10*x = 8*x + y. What are the prime factors of x?
5
Let c = 1183 - 1108. List the prime factors of c.
3, 5
Let n(m) = m**3 + 7*m**2 - 11*m - 11. Suppose 0*j - 16 = 2*j. Let o be n(j). Suppose 3 = -3*c, 2*w - 4*w + c + o = 0. What are the prime factors of w?
2, 3
Suppose 0 = 21*l - 22*l + 66. Let o = -48 + l. What are the prime factors of o?
2, 3
Let f = 2843 + -1505. What are the prime factors of f?
2, 3, 223
Let r = 412 - -5. What are the prime factors of r?
3, 139
Let j(f) = 15*f - 4. Let d(u) = -44*u + 13. Let c(l) = -2*d(l) - 7*j(l). What are the prime factors of c(-3)?
53
Let p = 1395 - -607. List the prime factors of p.
2, 7, 11, 13
Suppose 2*a - 591 = -n, 2*a = 5*a + 3. What are the prime factors of n?
593
Let s(g) = 627*g + 1. What are the prime factors of s(1)?
2, 157
List the prime factors of 65*5/((-325)/(-6487)).
13, 499
Let m(c) = 5*c**2 - 2*c - 1. Let z = -122 + 119. List the prime factors of m(z).
2, 5
Suppose -5*a + 0 = -0. Suppose 0 = -5*k - 5*o + 125, a*o = -4*k - 5*o + 98. List the prime factors of k.
3
Suppose 299 = -19*t + 6*t. Let z = 48 + t. What are the prime factors of z?
5
Let y(n) = -11 - 20*n + 35*n + 29*n. Let d be y(4). Let z = -101 + d. List the prime factors of z.
2
Let x(s) = 6*s**2 + 18*s. What are the prime factors of x(-10)?
2, 3, 5, 7
List the prime factors of ((-72)/(-20))/(7/4620) + 5.
2381
Let o = 15 + -9. Let u(i) = i**2 + 5*i + 4. List the prime factors of u(o).
2, 5, 7
Let b(k) = 6*k + 535. What are the prime factors of b(-50)?
5, 47
Let h(i) = 1 - 39*i**3 + i - 12*i**3 + 3*i**2 - 2*i**2. List the prime factors of h(-1).
2, 13
Let d(w) = -31*w - 6. What are the prime factors of d(-13)?
397
Suppose 2*x + 10 = -0*x - 3*c, 5*x + 20 = -5*c. What are the prime factors of (11/22)/(x/(-60))?
3, 5
Suppose -3*n - 13 - 8 = 0. Let d(a) = -a**3 - 3*a**2 - 4*a + 1 - 2*a + 4*a - 4*a**2. What are the prime factors of d(n)?
3, 5
Suppose z = -2*n + 226, 5*z + 5*n = z + 898. Let o be z/4 + (-3)/6. What are the prime factors of (198/o)/(3/10)?
2, 3
Let w(l) = -26*l**3 + 3*l**2 + 19*l + 10. What are the prime factors of w(-4)?
2, 823
What are the prime factors of ((-104358)/(-22) - 0) + (-582)/1067?
3, 17, 31
Suppose -99*o + 906 = -93*o. What are the prime factors of o?
151
Let q(h) = h**2 - 29. Let w be q(16). Let d = w + -100. What are the prime factors of d?
127
Let a(h) = h**3 - 7*h**2 - 14*h - 17. What are the prime factors of a(11)?
313
List the prime factors of 2*(-88)/(-32)*154.
7, 11
Suppose -2*n + 3*n + 22 = 0. Let d = 96 - n. List the prime factors of d.
2, 59
Let w(j) = -9*j + 5*j - j**3 + 11 - 4*j - 10*j**2. Let q be w(-9). Suppose -4*o + q*o = -58. List the prime factors of o.
29
Suppose -q = q - 8. Suppose -4*p + 65 = 5*i + p, 0 = -2*p + q. List the prime factors of i.
11
Suppose 0 = -r - 6 - 57. Let j = r + 204. List the prime factors of j.
3, 47
Let j(y) = -31*y**2 + 1. Let i be j(1). Let s be -19 + 3/(-6)*-4. Let w = s - i. List the prime factors of w.
13
What are the prime factors of (-2 - (-35 - 0))*17600/528?
2, 5, 11
Suppose 7*r + 6 = 4*r. What are the prime factors of 498/5 - r/5?
2, 5
Let s be ((-14)/(-1))/(-1 + -2 - -1). List the prime factors of (651/s)/(3/(-3)).
3, 31
Suppose -15*y + 11906 = -4804. List the prime factors of y.
2, 557
Suppose -6*v - 10 = -v. Let h be 0 + (1 - 5) + 1. List the prime factors of ((-6)/h)/(v/(-15)).
3, 5
Let a(j) = -2*j**3 - 10*j**2 + 34*j - 57. What are the prime factors of a(-11)?
1021
Let c = -65 - -71. Suppose 0 = c*b + 5*b - 198. What are the prime factors of b?
2, 3
Su